l)?
7
Let a = -26 - -46. Let h(x) = -3*x**2 + 19*x**2 - x**2 + 19*x - a - x**3 + x**2. What is the remainder when h(17) is divided by 8?
6
Suppose -2*x + 123 = -43. Suppose x = 5*g - 192. Calculate the remainder when g is divided by 19.
17
Let b = 1 + 12. Suppose 265 - 69 = 4*f. What is the remainder when f is divided by b?
10
Let y be 2 + (-5)/(-2) + 3/(-2). Suppose 0 = r + v - 33, 159 = 5*r - v + y*v. Calculate the remainder when r is divided by 8.
7
Let y(u) = 7 + u - 7*u + 7*u + u**2 + 0*u**2. Suppose -2*t + 3*a + 23 = 0, 5*a = -5*t + 2*t + 44. What is the remainder when y(6) is divided by t?
10
What is the remainder when 9/(-12)*(-87408)/108 is divided by 87?
85
Calculate the remainder when 106 is divided by 81/(-6)*36/(-27).
16
Let j = 497 + -281. Let n = -77 + j. Calculate the remainder when n is divided by 35.
34
Suppose q + 4*d = -26, -2*q + d = 4*d + 52. What is the remainder when 34 is divided by 0 + q/(-2) + -1?
10
Calculate the remainder when 268 is divided by ((-27)/2)/(36/(-216)).
25
Suppose -26*g - 337 = -31*g + 2*a, 0 = -4*a - 4. Calculate the remainder when g is divided by 37.
30
Let b(m) = 24*m + 48. What is the remainder when 211 is divided by b(1)?
67
Suppose -10*n = -112 - 128. Let u(i) = 17*i**2 - 3*i - 3. What is the remainder when u(3) is divided by n?
21
Let k(j) = 19*j - 24. Let a(z) = 77*z - 95. Let b(m) = -2*a(m) + 9*k(m). Calculate the remainder when b(4) is divided by 11.
9
Let q(f) = 7*f + 5. Let u = -14 - -19. Suppose 0 = u*r - 5*v + 5, -v = -2*r + 4*r - 10. What is the remainder when q(r) is divided by 9?
8
Suppose -5*j + 0*b - 2*b + 34 = 0, 3*j - 3*b = 12. Suppose -j = -t - t. Let c(g) = -g**3 + 5*g**2 - 3*g - 1. Calculate the remainder when 31 is divided by c(t).
7
Let v = -1056 + 1069. Calculate the remainder when 19 is divided by v.
6
Suppose -3*w = 4*p - 25, 5*p + 0 = 3*w + 11. Suppose w*x - 168 = -0*x. What is the remainder when x is divided by 29?
27
Let k be (-6)/4*30/(-45)*12. Suppose -k = -4*s - 2*s. What is the remainder when 7 is divided by s?
1
Suppose 26*v = 3*q + 23*v - 63, 3*q + 3*v - 45 = 0. Suppose -j + 0*c + 48 = 4*c, 5*j = 4*c + 264. What is the remainder when j is divided by q?
16
Calculate the remainder when (7/42)/(2/2892) is divided by 28.
17
Let x = 1202 - 1142. What is the remainder when x is divided by 40?
20
Let v(l) = -2*l**2 - 18*l + 6. Let a be v(-8). What is the remainder when 77 is divided by 4*(0 + a/4)?
11
Suppose -295 = 2*t - 7*t. Calculate the remainder when t is divided by (-3)/(-18)*6*20.
19
Suppose -5*p + 4*t + 800 = 0, 320 = 2*p - 11*t + 16*t. Calculate the remainder when p is divided by 23.
22
Let f(p) = -p**3 + p**2 - p - 1. Let d(g) = 3*g**3 - 26*g**2 + g + 1. Let b(q) = d(q) + 5*f(q). What is the remainder when b(-11) is divided by 27?
26
Suppose t + 0*t - 159 = o, -151 = -t + 3*o. Let l(c) = -33*c + 3. Let a be l(3). Let y = a + t. Calculate the remainder when y is divided by 14.
11
Calculate the remainder when (-10)/(-75)*-5 - 634/(-6) is divided by 27.
24
Suppose 5*v = 3*v - b - 3, 6 = -2*v - 4*b. Let h = v - -5. Let a(t) = -t + 21. What is the remainder when a(6) is divided by h?
3
Suppose 4*f = 51 + 21. Calculate the remainder when ((-20)/5 + 5)*71 is divided by f.
17
Calculate the remainder when 68 is divided by (-1)/(7/(-250)) + (-64)/(-224).
32
What is the remainder when ((-3 - -3) + 2)*132/24 is divided by 1?
0
Suppose 4*o - 130 = h + 57, 0 = -5*o - h + 236. Suppose -q = q - p - o, 0 = 3*q - 5*p - 67. Calculate the remainder when q is divided by 13.
11
Suppose 2*q = w + q - 52, 0 = 5*w + 2*q - 295. Let l = 183 - 171. What is the remainder when w is divided by l?
9
Let i(p) = p**2 - 5. Let s be ((-76)/(-16) - 4)*-4. Let w be i(s). Suppose 36 = w*d - 80. Calculate the remainder when d is divided by 6.
5
Let r = 569 + -466. Calculate the remainder when r is divided by 61.
42
Let d = -4839 - -4847. Let u(y) = y**2 - y + 28. Calculate the remainder when u(0) is divided by d.
4
Let i = -5 + 11. Let g(n) = 10*n - 7. Let v(h) = h**2 - 38*h + 14. Calculate the remainder when g(i) is divided by v(38).
11
Suppose 2*a = -8*h + 3*h + 68, 0 = -5*a - 3*h + 132. Let j be 4/6*7*6. Let m = j - a. What is the remainder when 7 is divided by m?
3
Let j = -247 + 139. Calculate the remainder when 25 is divided by j/(-24)*(0 + 2).
7
Let j be ((-54)/8)/(12/(-32)). Suppose 2*l - 2*c = -j, -2 = 2*l + c + 7. What is the remainder when 33/2*(-8)/l is divided by 6?
4
Let q(g) = 4*g + 23. Let x be (-10)/15 - 4/(-6). Calculate the remainder when q(x) is divided by 9.
5
Suppose -1450 + 898 = -2*n. What is the remainder when n is divided by 53?
11
Suppose -5*t + 4*y + 16 = 3*y, -t + y + 4 = 0. Let k(j) = j**2 - 3*j + 1. Let x be k(t). What is the remainder when 20 is divided by x + 1/(1/6)?
6
Let t(x) = -x**3 + 12*x**2 - 32*x + 6. What is the remainder when (-15 - -1)/((-2)/3) is divided by t(4)?
3
Suppose 0 = 5*y - 3*y - 72. Let n = -34 + y. Calculate the remainder when n is divided by 1.
0
Suppose -42*n = -0*n + 16*n - 1044. Let q(u) = 66*u**2. Calculate the remainder when q(-1) is divided by n.
12
Suppose -3*o - 21 = -h - 1, o = -h. Suppose 4*p - h*l = 649, 3*l + 2 + 1 = 0. What is the remainder when p is divided by 33?
29
Let h(t) = -t**3 - 3*t**2 + 66*t - 12. Calculate the remainder when 134 is divided by h(-10).
22
Let v(k) = 6*k - 3. Let j be v(-3). Let m = j - -38. Suppose 5*n - 8 = 37. Calculate the remainder when m is divided by n.
8
Suppose 0 = 3*o - 5*o + 8. Suppose 0 = -4*g + 3*g - 5*f - 3, 0 = -o*g + 2*f + 76. What is the remainder when 50 is divided by g?
16
Let i be (-1 + -3)/(4/(-66)). Let p = i - 31. Calculate the remainder when 137 is divided by p.
32
Let c(x) = -7*x - 4*x - 48 + 38. Calculate the remainder when 67 is divided by c(-3).
21
Suppose r + 2*r = 4*g - 88, 0 = -4*g - r + 72. Calculate the remainder when g is divided by 9 - ((-3)/(-1) + -1).
5
Let a(p) be the second derivative of -p**4/12 - 7*p**3/3 - 5*p**2/2 - p. What is the remainder when a(-9) is divided by 11?
7
Suppose 3 = -z - 1. Calculate the remainder when 6/8 - 25/z is divided by 3.
1
Let y be (-1*1)/(2/6). Let u(v) = 5*v - 49. Let q(p) = 2*p - 16. Let i(z) = y*u(z) + 8*q(z). What is the remainder when 48 is divided by i(-9)?
8
Let g = 18 - 8. Calculate the remainder when 68 is divided by g.
8
Calculate the remainder when ((-492)/24 - -13)/(3/(-54)) is divided by 20.
15
Suppose 0 = 4*x + 7*x - 9*x. Calculate the remainder when (-1 - x)/(3/(-66)) is divided by 6.
4
Suppose 3*p = -h + 97, -2*p - 52*h + 53*h + 63 = 0. What is the remainder when 703 is divided by p?
31
Suppose 9*c - 14*c = 2*i - 45, -c = -i + 5. Suppose 2*y + 1 - 5 = 0. Calculate the remainder when (y/(-1))/(4/(-34)) is divided by c.
2
Suppose -5*o + 48 = -4*m, m = -5*o - m + 66. Let t be (2 - o)/(6 - 5). What is the remainder when 21 is divided by 6/(-15) + (-84)/t?
5
Let w(o) = 5*o - 24. Let h be 6/(9/24*2). What is the remainder when 46 is divided by w(h)?
14
Let a(k) = k**3 + 8*k**2 - 50*k + 10. What is the remainder when 122 is divided by a(-12)?
20
Let k(b) = -8*b**3 + 3*b**2 - 9*b + 4. Let u(a) = 23*a**3 - 9*a**2 + 26*a - 12. Let h(m) = 11*k(m) + 4*u(m). Calculate the remainder when 51 is divided by h(2).
25
Let z = 95 + -128. Let d = z - -67. Calculate the remainder when 66 is divided by d.
32
Suppose 5*h - 10 = 0, -s = -0*h - 3*h - 4. Suppose 0 = -4*b + 2*b + 110. What is the remainder when (-5)/(-1)*418/b is divided by s?
8
Suppose 5*h - 32*k + 33*k = 4955, 0 = -2*h - 5*k + 1959. Calculate the remainder when h is divided by 71.
69
Suppose 66 = d - 18. Let i be 0 - (-127 + 3 + 0). Suppose -d = -4*q + i. Calculate the remainder when q is divided by 18.
16
Let p be (6/(-4))/((-3)/14). Suppose 6*a = p*a - 11. What is the remainder when a is divided by (-150)/(-15) + (-1 - (1 + 1))?
4
Suppose 4*d = -99*j + 102*j + 6060, -4545 = -3*d + 5*j. Calculate the remainder when d is divided by 33.
30
Let k(o) = 6*o**2 - 6*o + 3. Let p(c) = 3*c**2 + 55*c + 164. What is the remainder when k(4) is divided by p(-3)?
23
Suppose 4*l = -w - 16, -4*l - 21 = -w - 5. Calculate the remainder when ((-213)/(-6))/(1 + 3/l) is divided by 36.
34
Let v = 10 + -1. Let a(u) = u**2 - 7*u - 13. Let c = -2 + 4. Calculate the remainder when a(v) is divided by c.
